or of i and 35?
7
Let r be 2 - (-6)/(-3) - -3. Suppose r*c - 14 = 61. Calculate the highest common divisor of c and 150.
25
Let s = -44 - -47. Calculate the highest common divisor of 3 and s.
3
Suppose 4*n - g - 280 = 3*g, -4 = -2*g. Calculate the greatest common divisor of n and 48.
24
Let a(j) = -5 - 6*j + 2 + 5. Let d be a(-3). Calculate the greatest common divisor of 10 and d.
10
Let r(s) = -3*s**2 - 4*s - 4 + 2*s**2 + 3. Let z be r(-2). Suppose -10 = 2*w - z*w. What is the greatest common divisor of 10 and w?
10
Let c = 336 + -175. What is the greatest common divisor of 23 and c?
23
Let y = 1 - -2. Suppose -5*g - y*q = -267, 5*q - q = 4*g - 220. What is the highest common factor of g and 6?
6
Let q(c) = c**3 - c**2 - 4*c. Let f be q(3). Suppose -f*d = -d - 20. Let o be (d/8)/(1/14). What is the greatest common factor of o and 7?
7
Let t be (-16)/(-56) + (-4756)/(-14). Suppose -g + 3*g = t. Calculate the highest common divisor of g and 17.
17
Let u(o) = -o**2 - 9*o + 22. Let b be u(-10). What is the highest common divisor of 48 and b?
12
Let s be (-5)/(-15) + 140/12. Suppose -5*w - 3*r = -263 - 52, 2*r = -5*w + 310. What is the greatest common factor of w and s?
12
Suppose p = 3*k - 483, -k = 2*p - 0*p - 161. Suppose 0 = -5*f - 26 + k. Calculate the highest common factor of 3 and f.
3
Suppose 7*v = 4*v. Let n be 48/3 + v/(-2). What is the greatest common divisor of n and 2?
2
Suppose -3*o + 8*o - 10 = 0. Suppose 4*j - 316 = k, 140 = 2*j - 3*k - o*k. What is the highest common divisor of 10 and j?
10
Let d be ((0 + 2)/4)/((-5)/(-150)). What is the greatest common divisor of d and 135?
15
Let u(s) = s**2 - 8*s + 2. Let j be u(6). Let l = j + 14. Calculate the greatest common factor of 1 and l.
1
Let m be 3/2*4/6. Let x(r) = -74*r**3 - 1. Let y be x(m). Let o be (-2)/((6/2)/y). Calculate the highest common divisor of 10 and o.
10
Suppose 0 = 3*v + q - 68, 74 = 3*v - 3*q - 2*q. Calculate the highest common divisor of 23 and v.
23
Let n be 0 + 2/(2/(-5)). Let z be 44/n*(-15)/6. What is the highest common factor of z and 55?
11
Suppose 0*q = 2*q + 12. Let v(z) = -z - 1. Let h(l) = 5*l + 5. Let b(d) = -2*h(d) - 9*v(d). Let w be b(q). Calculate the greatest common factor of w and 35.
5
Let b(r) = -r**3 - 11*r**2 + 13*r + 28. Let z be b(-12). Calculate the greatest common divisor of z and 48.
16
Suppose 2*a + 0 = 6. Suppose 4*p = -4*b + 2*b + 104, 142 = a*b - p. Suppose 3*n = 72 - 24. What is the greatest common factor of b and n?
16
Let u = -35 + 112. Calculate the greatest common divisor of u and 11.
11
Suppose -4*m + 3 - 11 = 0. Let t be m - (-1)/((-1)/(-46)). What is the highest common divisor of 22 and t?
22
Suppose 3*y + 34 = 4*y + 5*w, -3*y = 3*w - 42. Suppose -y = -3*g - 2*b + 11, -5*g = -3*b - 27. What is the greatest common factor of 6 and g?
6
Suppose -5*h = -6*h - 2*w + 2, -3*w = -4*h - 3. Let p = -1 - -11. Let q be (h - 2) + 1*p. What is the greatest common divisor of 64 and q?
8
Let h(n) = -n**3 - 7*n**2 + n + 3. Let m be h(-8). Suppose -3*u = m - 311. What is the greatest common factor of 14 and u?
14
Let q(u) = -u + 4 + 0*u + 4*u**2 - 1. Let m be q(4). What is the greatest common factor of m and 7?
7
Let q be (-30)/9*3/(-2). Let i(x) = -55*x. Let t(c) = -c**2. Let w be t(1). Let y be i(w). Calculate the highest common factor of y and q.
5
Let z(f) = 3*f**3 - 2*f**2 + 3*f. Let n be z(3). Let j = 0 + 3. Let o be 1/(j/21) - -2. What is the highest common divisor of n and o?
9
Suppose 3*m = 17 + 7. Suppose -2*o = -0*o - m. What is the highest common factor of o and 36?
4
Suppose z = 15 + 4. Calculate the highest common factor of z and 1.
1
Let b = 8 + 5. Let p be ((-286)/8)/((-1)/4). Calculate the highest common factor of b and p.
13
Suppose -34 = -2*p + 3*d, 2 = -2*d + 3*d. Suppose 2 = -3*r - y + 52, y = -r + p. Calculate the greatest common divisor of r and 120.
15
Let m = -11 + 17. Suppose j + 41 - 17 = 0. Let a be (-526)/(-8) - 6/j. Calculate the greatest common factor of m and a.
6
Suppose 5*o - 10 = -2*k, 3*k + 2*k = -2*o + 4. Let z(i) = -i - 13. Let g be z(-5). Let v be (-1)/o - 652/g. What is the highest common divisor of 9 and v?
9
Suppose -3*o + 33 = -3*t, 3*t + 21 = -2*o + 58. Suppose -5*h - x = x + 24, -o = 2*h + 3*x. Let d = 0 - h. What is the greatest common factor of 4 and d?
4
Let v = 59 + -28. Suppose w = -4*g + v, 2*g + 5*w = 4*w + 17. What is the highest common factor of 77 and g?
7
Let w = 12 - 2. Let x(k) be the third derivative of k**4/6 + k**3/6 - k**2. Let q be x(1). Calculate the greatest common factor of q and w.
5
Suppose -4*x = x - 85. Let g = -8 + 25. Calculate the highest common divisor of g and x.
17
Let t = 109 + -73. What is the greatest common factor of 36 and t?
36
Suppose 0 = -0*l - 3*l + 36. Suppose 3*t + 14 = o, 0 = 2*o - 0*o + 2*t - l. Calculate the highest common factor of o and 24.
8
Let j be (1 - 21)*2/(-5). Suppose 60 = 3*n + 2*n. What is the highest common divisor of n and j?
4
Suppose 3*f = 2*o - 25, o - 3*f - 4 = 16. Let w be 28 + 3*(1 - 2). What is the highest common factor of w and o?
5
Let n = 7 + 11. Suppose 0 = -h - 28 + 30. What is the highest common divisor of h and n?
2
Let g(d) be the second derivative of -d**3/3 + 7*d**2/2 - d. Let w be g(-4). Calculate the greatest common divisor of 30 and w.
15
Let v be -3 - (-1)/(-2*(-3)/498). What is the highest common factor of v and 10?
10
Let m = -300 + 395. Let b be 0 + (39 - 2/2). Calculate the highest common factor of m and b.
19
Let v be 84/9 + (-20)/(-30). Calculate the highest common divisor of 190 and v.
10
Suppose -4*q = -3*q - 23. Let l be (-220)/(-8)*(-8)/(-20). Let f = q - l. What is the greatest common factor of 24 and f?
12
Suppose -4*c = x - 25, -4*c + 0*c - 3*x + 35 = 0. Let r(u) = u + 1. Let q be r(-6). Let g = q + 7. Calculate the highest common divisor of c and g.
1
Let x(b) = -3*b - 1. Let h be x(9). Let l be 8/h - 424/(-14). Let j = 15 - -30. What is the greatest common divisor of j and l?
15
Let a = -8 + 8. Let h(v) = -v - 5. Let p be h(a). Let y be 20/1 - (-5)/p. What is the greatest common factor of y and 19?
19
Let g(q) = -2*q - 15. Let a be (-4 - -2) + 2 + -11. Let t be g(a). Let l = 9 + 26. What is the greatest common factor of l and t?
7
Let s = -438 - -710. Calculate the highest common divisor of 34 and s.
34
Let c = -7 - -19. Let i(w) = w**3 - 7*w**2 - 5*w + 12. Let f be i(8). What is the greatest common divisor of c and f?
12
Let n be (-80 - -6)/(1*-2). Suppose -h + 23 = -n. What is the greatest common divisor of 12 and h?
12
Suppose 4*x = -6 - 6. Let t be x + (-2 - -12) - -1. What is the highest common divisor of 40 and t?
8
Let g = -83 - -91. Suppose -136 = -2*l + s - 3*s, -l - 2*s = -72. Calculate the highest common divisor of g and l.
8
Let f be ((-2)/4 - 29/(-2)) + -2. What is the highest common divisor of 9 and f?
3
Let k = 8 - 16. Let o = k + -5. Let c = o - -18. Calculate the highest common divisor of 55 and c.
5
Let c(k) = k**3 - 21*k - 2. Let r be c(-4). Calculate the greatest common factor of 18 and r.
18
Suppose 6*t - 75 = 63. What is the greatest common divisor of t and 161?
23
Suppose 3*j = -j. Suppose 0 = r - j*r - 11. What is the highest common divisor of 55 and r?
11
Suppose -7 = 3*i - 1. Let b(q) = -13*q - 2. Let p be b(i). Let z(g) = -g + 2. Let o be z(-6). Calculate the greatest common divisor of o and p.
8
Let x be 6/(-36) - 421/(-6). What is the highest common divisor of 10 and x?
10
Let y = -669 - -940. Let z = y - 128. Calculate the highest common factor of z and 13.
13
Let s(x) = -4*x + 4. Let c be s(-4). Calculate the highest common factor of 4 and c.
4
Suppose 8 = 6*q - 4*q. Suppose -q*k + 10 = -22. Suppose 93 = 4*h + 3*w, -3*h - 5*w + 70 = -3*w. What is the greatest common divisor of k and h?
8
Suppose -g - 2 = 2. Let q = g - -10. Let s = 42 + -39. What is the greatest common factor of s and q?
3
Let y(d) be the second derivative of 0 + 2*d - 59/6*d**3 + 1/2*d**2. Let n be y(-1). What is the highest common factor of n and 12?
12
Let p = 12 + -7. Suppose 2*n - 4*j - 26 = -2*j, -10 = -5*j. What is the highest common factor of n and p?
5
Let h(m) = m**2 - m - 1. Let g(n) = 3*n**2 + 4*n - 8. Let i(k) = g(k) - 2*h(k). Let a be i(-8). What is the greatest common factor of a and 40?
10
